{"id":1731,"date":"2023-11-08T10:30:35","date_gmt":"2023-11-08T09:30:35","guid":{"rendered":"https:\/\/www.lecomptoirbelge.be\/?post_type=event&#038;p=1731"},"modified":"2023-11-08T10:30:37","modified_gmt":"2023-11-08T09:30:37","slug":"confitures-au-lambic","status":"publish","type":"event","link":"https:\/\/www.lecomptoirbelge.be\/fr\/event\/confitures-au-lambic\/","title":{"rendered":"Confitures au lambic"},"content":{"rendered":"\n<p><strong>D\u00c9GUSTATION DE 15:00 \u00c0 18:00<\/strong><\/p>\n\n\n\n<p>R\u00e9cup\u00e9rer les fruits utilis\u00e9s dans les lambics pour en faire des confitures, c&rsquo;est une id\u00e9e g\u00e9niale ! Cantillon, Oud Beersel, Tilquin, 3 Fonteinen. Framboises, prunes, cerises, mirabelles ou encore abricots. Pour tous les go\u00fbts, au petit d\u00e9jeuner ou en accompagnement de fromages. Venez d\u00e9guster \u00e7a le temps d&rsquo;un apr\u00e8s-midi gourmand au Comptoir belge !<\/p>\n\n\n\n<div class=\"wp-block-buttons is-layout-flex wp-block-buttons-is-layout-flex\">\n<div class=\"wp-block-button\"><a class=\"wp-block-button__link wp-element-button\" href=\"https:\/\/www.coduco.be\/confitures-au-lambic\/\" target=\"_blank\" rel=\"noreferrer noopener\">CODUCO.BE<\/a><\/div>\n<\/div>\n","protected":false},"featured_media":1732,"template":"","class_list":["post-1731","event","type-event","status-publish","has-post-thumbnail","hentry"],"yoast_head":"<!-- This site is optimized with the Yoast SEO plugin v27.5 - https:\/\/yoast.com\/product\/yoast-seo-wordpress\/ -->\n<title>Confitures au lambic - Le Comptoir belge<\/title>\n<meta name=\"robots\" content=\"index, follow, max-snippet:-1, max-image-preview:large, max-video-preview:-1\" \/>\n<link rel=\"canonical\" href=\"https:\/\/www.lecomptoirbelge.be\/fr\/event\/confitures-au-lambic\/\" \/>\n<meta property=\"og:locale\" content=\"fr_FR\" \/>\n<meta property=\"og:type\" content=\"article\" \/>\n<meta property=\"og:title\" content=\"Confitures au lambic - Le Comptoir belge\" \/>\n<meta property=\"og:description\" content=\"D\u00c9GUSTATION DE 15:00 \u00c0 18:00 R\u00e9cup\u00e9rer les fruits utilis\u00e9s dans les lambics pour en faire des confitures, c&rsquo;est une id\u00e9e g\u00e9niale ! Cantillon, Oud Beersel, Tilquin, 3 Fonteinen. Framboises, prunes, cerises, mirabelles ou encore abricots. Pour tous les go\u00fbts, au petit d\u00e9jeuner ou en accompagnement...\" \/>\n<meta property=\"og:url\" content=\"https:\/\/www.lecomptoirbelge.be\/fr\/event\/confitures-au-lambic\/\" \/>\n<meta property=\"og:site_name\" content=\"Le Comptoir belge\" \/>\n<meta property=\"article:modified_time\" content=\"2023-11-08T09:30:37+00:00\" \/>\n<meta property=\"og:image\" content=\"https:\/\/www.lecomptoirbelge.be\/wp-content\/uploads\/2023\/11\/Confiture-lambic.png\" \/>\n\t<meta property=\"og:image:width\" content=\"650\" \/>\n\t<meta property=\"og:image:height\" content=\"430\" \/>\n\t<meta property=\"og:image:type\" content=\"image\/png\" \/>\n<meta name=\"twitter:card\" content=\"summary_large_image\" \/>\n<meta name=\"twitter:label1\" content=\"Dur\u00e9e de lecture estim\u00e9e\" \/>\n\t<meta name=\"twitter:data1\" content=\"1 minute\" \/>\n<script type=\"application\/ld+json\" class=\"yoast-schema-graph\">{\"@context\":\"https:\\\/\\\/schema.org\",\"@graph\":[{\"@type\":\"WebPage\",\"@id\":\"https:\\\/\\\/www.lecomptoirbelge.be\\\/fr\\\/event\\\/confitures-au-lambic\\\/\",\"url\":\"https:\\\/\\\/www.lecomptoirbelge.be\\\/fr\\\/event\\\/confitures-au-lambic\\\/\",\"name\":\"Confitures au lambic - Le Comptoir belge\",\"isPartOf\":{\"@id\":\"https:\\\/\\\/www.lecomptoirbelge.be\\\/fr\\\/#website\"},\"primaryImageOfPage\":{\"@id\":\"https:\\\/\\\/www.lecomptoirbelge.be\\\/fr\\\/event\\\/confitures-au-lambic\\\/#primaryimage\"},\"image\":{\"@id\":\"https:\\\/\\\/www.lecomptoirbelge.be\\\/fr\\\/event\\\/confitures-au-lambic\\\/#primaryimage\"},\"thumbnailUrl\":\"https:\\\/\\\/www.lecomptoirbelge.be\\\/wp-content\\\/uploads\\\/2023\\\/11\\\/Confiture-lambic.png\",\"datePublished\":\"2023-11-08T09:30:35+00:00\",\"dateModified\":\"2023-11-08T09:30:37+00:00\",\"breadcrumb\":{\"@id\":\"https:\\\/\\\/www.lecomptoirbelge.be\\\/fr\\\/event\\\/confitures-au-lambic\\\/#breadcrumb\"},\"inLanguage\":\"fr-FR\",\"potentialAction\":[{\"@type\":\"ReadAction\",\"target\":[\"https:\\\/\\\/www.lecomptoirbelge.be\\\/fr\\\/event\\\/confitures-au-lambic\\\/\"]}]},{\"@type\":\"ImageObject\",\"inLanguage\":\"fr-FR\",\"@id\":\"https:\\\/\\\/www.lecomptoirbelge.be\\\/fr\\\/event\\\/confitures-au-lambic\\\/#primaryimage\",\"url\":\"https:\\\/\\\/www.lecomptoirbelge.be\\\/wp-content\\\/uploads\\\/2023\\\/11\\\/Confiture-lambic.png\",\"contentUrl\":\"https:\\\/\\\/www.lecomptoirbelge.be\\\/wp-content\\\/uploads\\\/2023\\\/11\\\/Confiture-lambic.png\",\"width\":650,\"height\":430},{\"@type\":\"BreadcrumbList\",\"@id\":\"https:\\\/\\\/www.lecomptoirbelge.be\\\/fr\\\/event\\\/confitures-au-lambic\\\/#breadcrumb\",\"itemListElement\":[{\"@type\":\"ListItem\",\"position\":1,\"name\":\"Accueil\",\"item\":\"https:\\\/\\\/www.lecomptoirbelge.be\\\/en\\\/\"},{\"@type\":\"ListItem\",\"position\":2,\"name\":\"Events\",\"item\":\"https:\\\/\\\/www.lecomptoirbelge.be\\\/fr\\\/event\\\/\"},{\"@type\":\"ListItem\",\"position\":3,\"name\":\"Confitures au lambic\"}]},{\"@type\":\"WebSite\",\"@id\":\"https:\\\/\\\/www.lecomptoirbelge.be\\\/fr\\\/#website\",\"url\":\"https:\\\/\\\/www.lecomptoirbelge.be\\\/fr\\\/\",\"name\":\"Le Comptoir belge\",\"description\":\"\u00e9picerie fine \u00e0 Saint-Gilles\",\"potentialAction\":[{\"@type\":\"SearchAction\",\"target\":{\"@type\":\"EntryPoint\",\"urlTemplate\":\"https:\\\/\\\/www.lecomptoirbelge.be\\\/fr\\\/?s={search_term_string}\"},\"query-input\":{\"@type\":\"PropertyValueSpecification\",\"valueRequired\":true,\"valueName\":\"search_term_string\"}}],\"inLanguage\":\"fr-FR\"}]}<\/script>\n<!-- \/ Yoast SEO plugin. -->","yoast_head_json":{"title":"Confitures au lambic - Le Comptoir belge","robots":{"index":"index","follow":"follow","max-snippet":"max-snippet:-1","max-image-preview":"max-image-preview:large","max-video-preview":"max-video-preview:-1"},"canonical":"https:\/\/www.lecomptoirbelge.be\/fr\/event\/confitures-au-lambic\/","og_locale":"fr_FR","og_type":"article","og_title":"Confitures au lambic - Le Comptoir belge","og_description":"D\u00c9GUSTATION DE 15:00 \u00c0 18:00 R\u00e9cup\u00e9rer les fruits utilis\u00e9s dans les lambics pour en faire des confitures, c&rsquo;est une id\u00e9e g\u00e9niale ! Cantillon, Oud Beersel, Tilquin, 3 Fonteinen. Framboises, prunes, cerises, mirabelles ou encore abricots. Pour tous les go\u00fbts, au petit d\u00e9jeuner ou en accompagnement...","og_url":"https:\/\/www.lecomptoirbelge.be\/fr\/event\/confitures-au-lambic\/","og_site_name":"Le Comptoir belge","article_modified_time":"2023-11-08T09:30:37+00:00","og_image":[{"width":650,"height":430,"url":"https:\/\/www.lecomptoirbelge.be\/wp-content\/uploads\/2023\/11\/Confiture-lambic.png","type":"image\/png"}],"twitter_card":"summary_large_image","twitter_misc":{"Dur\u00e9e de lecture estim\u00e9e":"1 minute"},"schema":{"@context":"https:\/\/schema.org","@graph":[{"@type":"WebPage","@id":"https:\/\/www.lecomptoirbelge.be\/fr\/event\/confitures-au-lambic\/","url":"https:\/\/www.lecomptoirbelge.be\/fr\/event\/confitures-au-lambic\/","name":"Confitures au lambic - Le Comptoir belge","isPartOf":{"@id":"https:\/\/www.lecomptoirbelge.be\/fr\/#website"},"primaryImageOfPage":{"@id":"https:\/\/www.lecomptoirbelge.be\/fr\/event\/confitures-au-lambic\/#primaryimage"},"image":{"@id":"https:\/\/www.lecomptoirbelge.be\/fr\/event\/confitures-au-lambic\/#primaryimage"},"thumbnailUrl":"https:\/\/www.lecomptoirbelge.be\/wp-content\/uploads\/2023\/11\/Confiture-lambic.png","datePublished":"2023-11-08T09:30:35+00:00","dateModified":"2023-11-08T09:30:37+00:00","breadcrumb":{"@id":"https:\/\/www.lecomptoirbelge.be\/fr\/event\/confitures-au-lambic\/#breadcrumb"},"inLanguage":"fr-FR","potentialAction":[{"@type":"ReadAction","target":["https:\/\/www.lecomptoirbelge.be\/fr\/event\/confitures-au-lambic\/"]}]},{"@type":"ImageObject","inLanguage":"fr-FR","@id":"https:\/\/www.lecomptoirbelge.be\/fr\/event\/confitures-au-lambic\/#primaryimage","url":"https:\/\/www.lecomptoirbelge.be\/wp-content\/uploads\/2023\/11\/Confiture-lambic.png","contentUrl":"https:\/\/www.lecomptoirbelge.be\/wp-content\/uploads\/2023\/11\/Confiture-lambic.png","width":650,"height":430},{"@type":"BreadcrumbList","@id":"https:\/\/www.lecomptoirbelge.be\/fr\/event\/confitures-au-lambic\/#breadcrumb","itemListElement":[{"@type":"ListItem","position":1,"name":"Accueil","item":"https:\/\/www.lecomptoirbelge.be\/en\/"},{"@type":"ListItem","position":2,"name":"Events","item":"https:\/\/www.lecomptoirbelge.be\/fr\/event\/"},{"@type":"ListItem","position":3,"name":"Confitures au lambic"}]},{"@type":"WebSite","@id":"https:\/\/www.lecomptoirbelge.be\/fr\/#website","url":"https:\/\/www.lecomptoirbelge.be\/fr\/","name":"Le Comptoir belge","description":"\u00e9picerie fine \u00e0 Saint-Gilles","potentialAction":[{"@type":"SearchAction","target":{"@type":"EntryPoint","urlTemplate":"https:\/\/www.lecomptoirbelge.be\/fr\/?s={search_term_string}"},"query-input":{"@type":"PropertyValueSpecification","valueRequired":true,"valueName":"search_term_string"}}],"inLanguage":"fr-FR"}]}},"_links":{"self":[{"href":"https:\/\/www.lecomptoirbelge.be\/fr\/wp-json\/wp\/v2\/event\/1731","targetHints":{"allow":["GET"]}}],"collection":[{"href":"https:\/\/www.lecomptoirbelge.be\/fr\/wp-json\/wp\/v2\/event"}],"about":[{"href":"https:\/\/www.lecomptoirbelge.be\/fr\/wp-json\/wp\/v2\/types\/event"}],"wp:featuredmedia":[{"embeddable":true,"href":"https:\/\/www.lecomptoirbelge.be\/fr\/wp-json\/wp\/v2\/media\/1732"}],"wp:attachment":[{"href":"https:\/\/www.lecomptoirbelge.be\/fr\/wp-json\/wp\/v2\/media?parent=1731"}],"curies":[{"name":"wp","href":"https:\/\/api.w.org\/{rel}","templated":true}]}}

<p><strong>DÉGUSTATION DE 15:00 À 18:00</strong></p>



<p>Récupérer les fruits utilisés dans les lambics pour en faire des confitures, c&rsquo;est une idée géniale ! Cantillon, Oud Beersel, Tilquin, 3 Fonteinen. Framboises, prunes, cerises, mirabelles ou encore abricots. Pour tous les goûts, au petit déjeuner ou en accompagnement de fromages. Venez déguster ça le temps d&rsquo;un après-midi gourmand au Comptoir belge !</p>



<div class="wp-block-buttons is-layout-flex wp-block-buttons-is-layout-flex">
<div class="wp-block-button"><a class="wp-block-button__link wp-element-button" href="https://www.coduco.be/confitures-au-lambic/" target="_blank" rel="noreferrer noopener">CODUCO.BE</a></div>
</div>

<!-- This site is optimized with the Yoast SEO plugin v27.5 - https://yoast.com/product/yoast-seo-wordpress/ -->
<title>Confitures au lambic - Le Comptoir belge</title>
<meta name="robots" content="index, follow, max-snippet:-1, max-image-preview:large, max-video-preview:-1" />
<link rel="canonical" href="https://www.lecomptoirbelge.be/fr/event/confitures-au-lambic/" />
<meta property="og:locale" content="fr_FR" />
<meta property="og:type" content="article" />
<meta property="og:title" content="Confitures au lambic - Le Comptoir belge" />
<meta property="og:description" content="DÉGUSTATION DE 15:00 À 18:00 Récupérer les fruits utilisés dans les lambics pour en faire des confitures, c&rsquo;est une idée géniale ! Cantillon, Oud Beersel, Tilquin, 3 Fonteinen. Framboises, prunes, cerises, mirabelles ou encore abricots. Pour tous les goûts, au petit déjeuner ou en accompagnement..." />
<meta property="og:url" content="https://www.lecomptoirbelge.be/fr/event/confitures-au-lambic/" />
<meta property="og:site_name" content="Le Comptoir belge" />
<meta property="article:modified_time" content="2023-11-08T09:30:37+00:00" />
<meta property="og:image" content="https://www.lecomptoirbelge.be/wp-content/uploads/2023/11/Confiture-lambic.png" />
	<meta property="og:image:width" content="650" />
	<meta property="og:image:height" content="430" />
	<meta property="og:image:type" content="image/png" />
<meta name="twitter:card" content="summary_large_image" />
<meta name="twitter:label1" content="Durée de lecture estimée" />
	<meta name="twitter:data1" content="1 minute" />
<script type="application/ld+json" class="yoast-schema-graph">{"@context":"https:\/\/schema.org","@graph":[{"@type":"WebPage","@id":"https:\/\/www.lecomptoirbelge.be\/fr\/event\/confitures-au-lambic\/","url":"https:\/\/www.lecomptoirbelge.be\/fr\/event\/confitures-au-lambic\/","name":"Confitures au lambic - Le Comptoir belge","isPartOf":{"@id":"https:\/\/www.lecomptoirbelge.be\/fr\/#website"},"primaryImageOfPage":{"@id":"https:\/\/www.lecomptoirbelge.be\/fr\/event\/confitures-au-lambic\/#primaryimage"},"image":{"@id":"https:\/\/www.lecomptoirbelge.be\/fr\/event\/confitures-au-lambic\/#primaryimage"},"thumbnailUrl":"https:\/\/www.lecomptoirbelge.be\/wp-content\/uploads\/2023\/11\/Confiture-lambic.png","datePublished":"2023-11-08T09:30:35+00:00","dateModified":"2023-11-08T09:30:37+00:00","breadcrumb":{"@id":"https:\/\/www.lecomptoirbelge.be\/fr\/event\/confitures-au-lambic\/#breadcrumb"},"inLanguage":"fr-FR","potentialAction":[{"@type":"ReadAction","target":["https:\/\/www.lecomptoirbelge.be\/fr\/event\/confitures-au-lambic\/"]}]},{"@type":"ImageObject","inLanguage":"fr-FR","@id":"https:\/\/www.lecomptoirbelge.be\/fr\/event\/confitures-au-lambic\/#primaryimage","url":"https:\/\/www.lecomptoirbelge.be\/wp-content\/uploads\/2023\/11\/Confiture-lambic.png","contentUrl":"https:\/\/www.lecomptoirbelge.be\/wp-content\/uploads\/2023\/11\/Confiture-lambic.png","width":650,"height":430},{"@type":"BreadcrumbList","@id":"https:\/\/www.lecomptoirbelge.be\/fr\/event\/confitures-au-lambic\/#breadcrumb","itemListElement":[{"@type":"ListItem","position":1,"name":"Accueil","item":"https:\/\/www.lecomptoirbelge.be\/en\/"},{"@type":"ListItem","position":2,"name":"Events","item":"https:\/\/www.lecomptoirbelge.be\/fr\/event\/"},{"@type":"ListItem","position":3,"name":"Confitures au lambic"}]},{"@type":"WebSite","@id":"https:\/\/www.lecomptoirbelge.be\/fr\/#website","url":"https:\/\/www.lecomptoirbelge.be\/fr\/","name":"Le Comptoir belge","description":"épicerie fine à Saint-Gilles","potentialAction":[{"@type":"SearchAction","target":{"@type":"EntryPoint","urlTemplate":"https:\/\/www.lecomptoirbelge.be\/fr\/?s={search_term_string}"},"query-input":{"@type":"PropertyValueSpecification","valueRequired":true,"valueName":"search_term_string"}}],"inLanguage":"fr-FR"}]}</script>
<!-- / Yoast SEO plugin. -->

DÉGUSTATION DE 15:00 À 18:00 Récupérer les fruits utilisés dans les lambics pour en faire des confitures, c&rsquo;est une idée géniale ! Cantillon, Oud Beersel, Tilquin, 3 Fonteinen. Framboises, prunes, cerises, mirabelles ou encore abricots. Pour tous les goûts, au petit déjeuner ou en accompagnement...

épicerie fine à Saint-Gilles
